e x(m). Let n = 45975 + -45945. Calculate the highest common divisor of g and n.
30
Let a = 1029 + -1007. Calculate the highest common factor of a and 10538.
22
Suppose -5*j = 5*b + 114 + 421, -3*b = -2*j - 224. Let i = -108 - j. Calculate the greatest common factor of i and 1.
1
Let o = 70 - 70. Suppose o = -19*h + 23*h - 212. Let p = h - -4. What is the greatest common factor of 19 and p?
19
Let s(z) = -45*z + 112. Let t be s(3). Let y(h) = -h**3 - 27*h**2 - 90*h + 72. Let c be y(t). Calculate the greatest common divisor of c and 403.
13
Suppose 0 = 2*z + 18 + 84. Let f = z - -89. Calculate the highest common divisor of f and 19.
19
Let h be 51*(403/39 - 6). Suppose 0 = 2*i + i - 51. Calculate the greatest common divisor of i and h.
17
Suppose 4*j = -4*x + 27880, -6*x + 10*x = 5*j - 34805. What is the highest common divisor of j and 245?
35
Let o be -2*(15*3/9 + -21). Let m = o - -79. What is the greatest common divisor of 148 and m?
37
Let i be 7 + (-30)/135 + 50/(-18) + 423. What is the greatest common divisor of 28 and i?
7
Suppose 7*g + 107 = -208. Let f = 131 + g. What is the greatest common divisor of 129 and f?
43
Let g = 44 - 42. Suppose 8*q = 15*q - 126. Calculate the greatest common divisor of g and q.
2
Suppose x + h - 3*h - 6056 = 0, -5*x - 2*h = -30340. Calculate the greatest common factor of x and 36.
18
Let u be 3 - (6/33 - 501/33). Suppose u = -20*t + 29*t. Suppose -t*n = -y + 15, 2*n + 0 = 2. What is the greatest common factor of 119 and y?
17
Let l = 417 + -367. Let o = l + 472. What is the highest common factor of 18 and o?
18
Suppose -9*z + 844 + 891 = -2963. Calculate the highest common divisor of 54 and z.
18
Let v(q) = 2*q**3 - 9*q**2 + q - 13. Suppose 0 = -69*w + 72*w - 15. Let m be v(w). Calculate the highest common factor of 391 and m.
17
Let f be 1563 + -1 + 9 + 6/1 + -7. Calculate the greatest common divisor of 80 and f.
10
Let r = -172 + 103. Let g = r + 72. Suppose g*f - 5*i = 2*f + 45, 5*f + 2*i = 144. Calculate the greatest common divisor of f and 15.
15
Let s be ((-16)/9)/((-56)/252). Let i(m) = -38*m + 419. Let p be i(s). Calculate the greatest common factor of 20 and p.
5
Let b be 17 - 10 - 2*2. Suppose 7 - b = -2*d, -2*d + 80 = 4*n. Let u be (8/12)/(2/9). What is the highest common divisor of u and n?
3
Suppose 0 = 4*g - 11*q - 4490, 5*g - 5*q + 1169 = 6*g. What is the highest common divisor of 17 and g?
17
Suppose -11*r + 29 + 4 = 0. Suppose 84 = -4*k + 6*k. Suppose 0 = r*z + k - 126. Calculate the greatest common divisor of z and 14.
14
Let b be (-177)/(-3) + 2 + 0. Suppose 3*c - 6*c = 5*j - 2748, 0 = -2*c + 2. What is the highest common factor of j and b?
61
Let x(z) = z**2 + 13*z - 323. Let o be x(-27). What is the highest common factor of 187 and o?
11
Let o = -136 + 197. Suppose -v - o = -251. What is the greatest common factor of 5 and v?
5
Let w(f) = -7*f**3. Suppose -2*q = 3*q + 25, -4*u + 42 = -2*q. Suppose -5*l + 9*l + u = 0. Let k be w(l). What is the greatest common factor of 14 and k?
14
Let w(s) = -3*s**2 + 91*s + 31. Let z be w(29). Suppose -2 = -a + 4. Suppose -a*p = -9*p + z. What is the highest common divisor of 7 and p?
7
Suppose 0 = -4*b - 283 + 287. Let t be 2 + 282/6 + b. What is the highest common factor of 225 and t?
25
Suppose 7*t - 46 = 17. Let l(f) = 5*f**2 + 7*f + 15. Let i be l(-3). Let p = i + -21. Calculate the highest common factor of p and t.
9
Suppose -88*v + 24724 = -36260. Calculate the greatest common divisor of 28 and v.
7
Suppose -845 = 4*d + 1575. Let p be 5/(-20) + d/(-20). Calculate the greatest common divisor of 90 and p.
30
Let z be 43/(-1)*(0 - (-144)/(-12)). Calculate the highest common divisor of 7052 and z.
172
Suppose p = 16 - 11. Let z be 146/(-16) + 3/((-168)/(-7)). Let m be (-34)/(-51) - -1*(-489)/z. Calculate the greatest common divisor of p and m.
5
Let z be -1 + (-4)/(-16)*(-1 + 1). Let g be (-6 + 77/14)*z*56. Calculate the highest common factor of 28 and g.
28
Let g = -319 - -459. Let s = -96 + g. Let h = 152 - s. Calculate the highest common factor of h and 72.
36
Let t(m) = 3*m + 213. Let k be t(6). Suppose -3*b - 88 = 158. Let z = b - -115. What is the greatest common divisor of k and z?
33
Let c be 1/5 + (-398)/(-10). Suppose -13*w + 5*w = -4800. What is the highest common factor of w and c?
40
Let l be ((-150)/195)/5 + (-5360)/(-26). What is the greatest common factor of l and 1339?
103
Suppose 3*r - d = 4*r - 1, 0 = 4*r - 3*d - 4. Let s be (-2)/(-4) + r/(-2)*-111. Calculate the highest common divisor of s and 7.
7
Let w(l) = -l**2 + 12*l + 7. Let b be w(9). Suppose 284*u - 286*u = -100. Let d = 101 - u. What is the greatest common divisor of d and b?
17
Let c be (4 + 0)/12 + 40/(-3). Let j be c*4/((-24)/54). What is the greatest common factor of j and 18?
9
Suppose 0 = -4*s - 5*f - 15, -2*f = 2*f + 12. Suppose 95 = 251*y - 246*y. Suppose -6*o + y + 59 = s. What is the highest common divisor of o and 39?
13
Let a be 3/(18/132) + 4. What is the greatest common factor of a and 6760?
26
Suppose -i + 0*i + 55 = 0. Let u(z) = 2*z**2 - 23*z + 170. Let a be u(15). What is the greatest common divisor of i and a?
55
Suppose -4*a - 544 = -1088. Suppose -328 = -26*t + 21*t + u, -2*t - 2*u + a = 0. What is the greatest common factor of 88 and t?
22
Suppose -39*m = -50*m + 792. Suppose 9*w = 153 + m. What is the greatest common divisor of 10 and w?
5
Let w(t) = -27*t - 78. Let j be w(-2). Let a be ((-600)/j)/(2/2). Let c = 199 - 124. What is the highest common divisor of a and c?
25
Let p = 0 + -111. Let v = p + 163. Calculate the greatest common divisor of v and 13.
13
Let t = 60 + -154. Suppose 0 = -z + 14*z + 171 - 1965. Let h = z + t. Calculate the greatest common factor of h and 352.
44
Let u be (-3 - (-3 + 0)) + 98. Let c(s) = -459*s - 904. Let w be c(-2). What is the greatest common factor of w and u?
14
Suppose -2*v = 19 - 25. Suppose 0 = -2*t + 4*l + 114, -3*l + 4*l + 166 = v*t. Calculate the greatest common factor of 275 and t.
55
Let j(h) = 21*h + 1. Let l be j(5). Let g be (-318)/(-1)*(3 - 5/2). What is the highest common divisor of g and l?
53
Suppose 0 = r - 44 + 11. Suppose 5*b = 32 - 87. Let h = b + r. Calculate the greatest common factor of 22 and h.
22
Suppose -82 = -i - c, -3*i + 2*c + 291 = 55. Let w = -72 + i. What is the highest common factor of 72 and w?
8
Let c(b) = -4*b**3 + 1. Let u be c(-1). Let d = -190 - -196. Suppose d*v + 270 = 2*k + v, 363 = 3*k + 3*v. What is the highest common divisor of u and k?
5
Let r(g) = 24*g**3 + g**2 + 6*g - 38. Let y = 557 + -554. Let n be r(y). Calculate the greatest common factor of 49 and n.
49
Suppose 2*k + 96 = 22. Let q = 40 + k. Suppose 5*m - 2*z - 276 = 3*m, -q*m = -5*z - 420. Calculate the highest common factor of 15 and m.
15
Suppose -5*h = -4*p + 35, p - 5 = -4*h + 9. Let v = 235 + -75. What is the highest common divisor of v and p?
10
Let z be -3 + 2 + 6 - -39. Let q be (-5)/(-3)*28 + z/33. Calculate the greatest common factor of 24 and q.
24
Let l(v) = v - 8. Let h be 1 + (10/40 - (-566)/8). Suppose -15*r + h = -7*r. Let j be l(r). What is the highest common factor of j and 1?
1
Let s be ((-1 - 1) + -3)*40/(-25). Calculate the highest common divisor of s and 2504.
8
Let q be 16170/1815 + (-3)/(-33). What is the greatest common factor of q and 3231?
9
Let v(m) = 77*m**3 - 5*m**2 - m + 4. Let n be v(1). Calculate the highest common divisor of n and 1200.
75
Let d(o) = o**2 - 3*o + 10. Let m be d(5). Let u be m/((18/(-4))/9). Let t = u + 60. What is the highest common factor of 60 and t?
20
Let m be ((-21)/(-6))/(-7) - 30/(-4). Let a(n) = n**3 - 4*n**2 - 5*n - 28. Let t be a(m). What is the greatest common factor of 36 and t?
12
Let d = 23 + -24. Let v be (d - (-33)/6)/(7/28). Suppose -3 = 5*x - v. What is the highest common factor of x and 21?
3
Let k be (-552)/9*(-9)/2. Suppose 0 = -3*g - 2*q + 462 - 334, q + 5 = 0. Calculate the highest common divisor of g and k.
46
Let x(h) = h**3 + 13*h**2 - 14*h. Let f be x(-14). Suppose -8*v + f*v + 1456 = 0. Calculate the greatest common factor of v and 14.
14
Let t(l) = -3*l + 3. Let o be t(-3). Suppose -165 = 10*n - 12*n + 3. What is the greatest common factor of o and n?
12
Let t be 15/4 + 222/(-296). Suppose 2*o = t*f + 20, 7*f = -5*o + 12*